2. Suppose t*w = 5*o + 409 + 809, w - 4*o = 609. What is the hundreds digit of w?
6
Suppose -7*a = -10*a - 243. Let b = a - -84. What is the units digit of (-1202 - b)/(-5) + -2?
9
Let z = -4287 - -9199. What is the units digit of z?
2
Let w be 2/(-7) - 228/(-14). Let b = 2706 - 2694. What is the units digit of -1 + (b + -9)*w/3?
5
Let c(y) be the second derivative of -2*y**3/3 + 55*y**2/2 - y - 15. What is the units digit of c(11)?
1
Let h = -3074 + 6701. What is the hundreds digit of h?
6
Suppose 3*n + 2 = j + 22, 2*n - 5 = -j. What is the tens digit of 5 + j*10216/(-40)?
8
What is the hundreds digit of 17656*3/(-8)*7/(42/(-40))?
1
Suppose -46*j + 48*j = 2*k - 2842, k = 3*j + 1415. What is the hundreds digit of k?
4
Let u = -14988 + 23207. What is the units digit of u?
9
Let n be (-1)/(-2)*14 - 1. Let l(s) = 5*s + 7*s**2 - 10 + s**3 - 2*s**2 - n*s**2. What is the units digit of l(5)?
5
Let g = -12216 + 20508. What is the units digit of g?
2
Suppose -4*i + 3*i - 3 = 0, -3*x = 4*i - 13842. What is the thousands digit of x?
4
Let k(t) = -27*t + 6. Suppose 0 = 3*m - 1 - 20. Let u be 4 - (m - 0 - 1). What is the tens digit of k(u)?
6
Let i = 60 - 80. What is the units digit of ((-792)/i)/(3/10)?
2
Let v = -180 + 182. Suppose -v*d = -2*g - 2572, 0*g - 2*g = 2*d - 2552. What is the tens digit of d?
8
Suppose 0 = -7*w + 23 - 9. What is the units digit of 1570/(0 + w) - (-35 + 40)?
0
Suppose 264*c - 6808790 = 2303698. What is the units digit of c?
7
What is the tens digit of 3*-155*(-16)/(-80)*-6?
5
Let x(c) = c**3 + 6*c**2 + 6*c + 5. Let p be x(-5). Suppose -7 = -5*j + 3*f, p = 5*j - 4*f + 5*f + 9. What is the units digit of 2*j*568/(-16)?
1
Suppose -8*q - 14375 = -56943. What is the thousands digit of q?
5
Let b(n) = -6*n - 33. Let s be b(-6). Suppose -v + 2*x = -431, s*v - x = 4*x + 1293. What is the units digit of v?
1
Suppose 5*g + 5435 = 5*s, -5*s + 4*g = -0*g - 5436. What is the tens digit of (-6 - -6) + s - -4?
9
Let p = 4638 + -2641. Let j = p - 1013. What is the hundreds digit of j?
9
What is the thousands digit of (-2)/(-1) + -64497*(-3)/(9/1)?
1
Let g(p) = -100*p**3 + 2*p**2 - p - 2. Let h = -16 - -8. Let o(q) = -q - 9. Let y be o(h). What is the hundreds digit of g(y)?
1
Suppose 0*p - 6938 = -4*z - 2*p, 0 = -3*p - 15. What is the hundreds digit of z?
7
Let j = 26 - -392. Let i = j + -56. What is the hundreds digit of i?
3
Let c(l) = l**3 - 16*l**2 + 5*l - 13. Let w = -51 - -68. What is the tens digit of c(w)?
6
What is the hundreds digit of 444/814*(-53471)/(-3)?
7
What is the units digit of (2 + 659/(-2))*(-20088)/4185?
2
Suppose 9*u = 14*u. Suppose 4*w - 3*j - 3 = -15, -2*j + 8 = u. Suppose 2*i - 384 + 90 = w. What is the hundreds digit of i?
1
Suppose -8*v = 57 - 209. Suppose p = -v*p + 10800. What is the hundreds digit of p?
5
Suppose -3*a - 121 + 49 = 0. Let k be a + 27 + 5 + 1/1. Suppose k*n - 7*n - 362 = 0. What is the tens digit of n?
8
Let f(u) = -15*u**2 + 6*u - 6. Let l be f(2). Let m be (2*(-2)/6)/(12/l). What is the units digit of (9/(-5) + m)*5?
6
What is the hundreds digit of 12*(2428/12 - 14)?
2
Let o = 289153 + -193409. What is the units digit of o?
4
Suppose 53*h + 2*z + 8228 = 54*h, -5*h = 6*z - 41124. What is the hundreds digit of h?
2
Let n = 6038 - -10243. What is the tens digit of n?
8
Suppose 5*r - 5 + 15 = 0. Let d be -5 - r - -3 - (-10 - -6). Let p(j) = 14*j**2 + 12*j - 10. What is the tens digit of p(d)?
6
Suppose -9*y + 7*y + 2916 = 3*w, -4*y + 962 = w. What is the units digit of w?
4
Suppose 4*l = 5*p + 2613, 4*l - 2610 = -0*p + 2*p. Let a = l + 91. What is the tens digit of a?
4
Suppose -h = -14 + 2. Suppose -3*i = -0*i + h. Let v(x) = 3*x**2 + 3*x + 3. What is the tens digit of v(i)?
3
Let o = -7066 - -30931. What is the units digit of o?
5
Let l(p) = -13*p + 149. Let z be l(11). Let b(y) = 18*y**2 - 31*y - 14. What is the tens digit of b(z)?
4
Let i(p) = -2*p**3 - 5*p**2 + 3. Let k be i(-5). Let n be ((-352)/12)/((-175)/42 + 4). Let a = n - k. What is the units digit of a?
8
Let r = -21488 - -39282. What is the hundreds digit of r?
7
Suppose 111985 = 16*d - 1439. What is the tens digit of d?
8
Let g(r) = 11*r**3 + r + 1. Let n = 43 + -40. Suppose 0 = -z + 1, n*s + z = -4*z + 11. What is the units digit of g(s)?
1
Suppose 0*y - 3*y = -12. Suppose 3*p - 23 = -y*i, -2*i + 3*p + 7 = -0. What is the tens digit of 4/(-2) + i*790/25?
5
Let m(d) be the first derivative of 87*d**2/2 + 13*d - 4. What is the units digit of m(2)?
7
Let t(b) = -415*b**3. Let u be t(1). Let y = u - -713. What is the hundreds digit of y?
2
Suppose -3*q = -10*q + 49. Suppose -2*c - 5*j = -1436, q*c - 5*j = 12*c - 3620. What is the hundreds digit of c?
7
Let n(g) = 112*g**2 - 216*g + 21. What is the tens digit of n(-7)?
2
Let q(y) = 4*y**3 - 23*y**2 - 6*y + 3. Let m = 81 - 75. Let p be q(m). Suppose 7*j + p*j = 230. What is the tens digit of j?
2
Let a be (-38*1)/((-12)/(-42)). Let w = -224 - a. Let z = w - -212. What is the tens digit of z?
2
Suppose -n = -4*j - 29962, 2*n - 20*j = -15*j + 59924. What is the hundreds digit of n?
9
Let b = 23705 - -6826. What is the hundreds digit of b?
5
Suppose -u - 10 = 3*h - 26, -15 = -2*h - 5*u. Suppose -1617 = -2*w + 5*v, -4*w + h*v + 3470 = 251. What is the tens digit of w?
0
Suppose 0 = -729*r + 701*r + 378728. What is the units digit of r?
6
Let s = -6329 - -9196. What is the units digit of s?
7
Suppose 4*s = -4, -4*s = 5*d - 25 + 4. Suppose 3*j + d*b = 248, -j + b = 2*j - 242. Suppose j = f - 7*c + 2*c, -387 = -4*f - c. What is the units digit of f?
6
Suppose 3*q - 6*q = 117. Let s = q - -42. Suppose -8*r - 4*p + 783 = -s*r, -r = -2*p - 151. What is the hundreds digit of r?
1
Suppose 278551 = 38*l - 509227. What is the hundreds digit of l?
7
Let f be ((-116)/(-6))/((-78)/234). What is the hundreds digit of (-149)/(54/(-9) + f/(-10))?
7
Let y = 173 + 101. Let z = y - 53. What is the hundreds digit of z?
2
Suppose -109*m = -114*m + 26280. What is the hundreds digit of m?
2
Let c(j) = -j**2 - 156*j - 28. What is the tens digit of c(-26)?
5
What is the thousands digit of 3/((-8)/20 - 14162/(-35380))?
0
Let v be (218/(-5))/((-14)/385). Let i = 834 - v. Let b = i - -610. What is the units digit of b?
5
Suppose 0 = -5*m - 4*p + 19 + 215, 4*m - 208 = 2*p. Let g = -41 + m. Let t(s) = 25*s + 2. What is the units digit of t(g)?
7
Suppose -45*r - 8918 + 40238 = 0. What is the units digit of r?
6
Let r = -6242 + 10554. What is the thousands digit of r?
4
Suppose 18*s = 23*s. Suppose s = -5*a + b + 2009, -5*a = -5*b + 3*b - 2008. What is the hundreds digit of a?
4
Let h(a) = -1000*a**3 - a**2 - 15*a - 35. Let w be h(-2). Suppose 7*i - w - 66 = 0. What is the units digit of i?
1
Suppose 12*i + 4*i = -64. Let q be (22/8)/((-13)/i - 3). Let t = q + 178. What is the hundreds digit of t?
1
Suppose 0 = -t + 5*d + 3, -4*t + d + 3*d = -12. Suppose -2*y = 2*y + m - 2176, -4*m = t*y - 1619. What is the tens digit of y?
4
Let k be ((0 - -1) + -2)/((-12)/840). Suppose -3*t + 2*l = -0*l - 35, l = 5*t - k. What is the units digit of t?
5
Let g be ((-96)/(-15))/((-8)/(-60)) - 5. What is the units digit of (-12212)/g*7/(-4)?
7
Suppose -6*t - 3*t - 58*t = 0. What is the units digit of 41/2*(-5 + 9 + t)?
2
What is the thousands digit of -7*(-272)/(-238) - 4*-4954?
9
Suppose -6 + 9 = i. Suppose -4*j = -i*l + 39, 2*j - 19 = -2*l + 7. Let f = l - 10. What is the units digit of f?
3
Suppose a - 49 = -5*x - 5, 2*a = 3*x - 16. Suppose -2*k = 3*i + 2, -3*i + 5*k - 5 = -x*i. What is the hundreds digit of 122 + i + (-9)/3?
1
Let o = -10 + 23. Let j(b) = -248*b**2 + 128*b**2 + 122*b**2 + 30 - 21*b. What is the units digit of j(o)?
5
Let m(q) be the third derivative of q**4/3 + 10*q**3/3 + 3*q**2. Let k be m(-14). Let w = k + 157. What is the tens digit of w?
6
Let u(c) = 7*c**2 - 30*c - 2233. What is the tens digit of u(-42)?
7
Suppose 36*c = 60*c - 163392. What is the units digit of c?
8
What is the tens digit of (2 - -13780)/(2/(10/10))?
9
Let d be 24120/140 + 4/(-14). What is the hundreds digit of (-43)/d - ((-3282)/8 + 0)?
4
Suppose 1251 = -62*j - 1539. Suppose -p = -4*p, 5*p + 123 = 3*x. Let q = x - j. What is the tens digit of q?
8
Suppose -14*f + 8*f + 24 = 0. Suppose -5*o = 31*r - 30*r - 8986, f = -r. What is the units digit